d**2. Determine s(2).
7
Let d(s) = 11*s**2 - s. Let g(j) = -j**2. Let q(p) = d(p) + 4*g(p). What is q(1)?
6
Let m(k) = -k**3 + 2*k**2 - 2*k. Let w be m(2). Let n = w - -3. Let r(u) = 10*u**3 + u**2. Determine r(n).
-9
Suppose -54*x + 55*x = 4. Let r(i) = -i**2 + 2*i + 3. Calculate r(x).
-5
Let w(f) = -f**3 + f. Let y(i) = i - 13. Let d be y(11). Let b(j) = j**2 + j - 1. Let v be b(1). Let q = v + d. Give w(q).
0
Let d(m) = 2*m + 6. Let k(n) = -1. Let x(q) = d(q) + k(q). Determine x(8).
21
Let o(c) be the first derivative of c**2 - 3*c - 19. Determine o(-4).
-11
Let t(l) = -l**3 - l + 11. Suppose 2*r = 5*r. Determine t(r).
11
Suppose 0 = 5*d - 15, -d = 3*w + d + 21. Let f(t) = -t - 1. Give f(w).
8
Let g(n) be the second derivative of 0 - 1/120*n**5 + 0*n**3 - 2*n + 0*n**2 + 1/144*n**6 + 1/3*n**4. Let p(f) be the third derivative of g(f). What is p(1)?
4
Let w be 0 + 6*2/3. Let q(u) be the first derivative of -u**3/3 + 3*u**2 - u - 1. What is q(w)?
7
Let c(s) = 26 - 32 + 2*s + 2*s - 2*s. What is c(5)?
4
Let f(l) be the second derivative of l**5/20 + 5*l**4/12 - l**3 - 2*l**2 - l. Give f(-6).
-4
Let r(w) = -2*w + 1. Let g(s) = 5*s - s**3 + 0*s**3 + s + 2*s**3 + 7*s**2 + 4. Let c be g(-6). Calculate r(c).
-7
Let b(y) = -y**3 + 3. Suppose 5*q = 17 - 2, -3*u + 21 = q. Let m be 1/(-2) + 27/u. Let j(w) = -w**3 + w**2 - w + 4. Let p(x) = m*j(x) - 5*b(x). Give p(-5).
-4
Let c(f) = -f. Let u(x) = -2*x**2 - 7*x + 1. Let z(o) = -5*c(o) + u(o). Determine z(1).
-3
Let z(n) be the third derivative of 1/2*n**3 + 0 + 1/12*n**4 + 2*n**2 + 0*n. Calculate z(-4).
-5
Let h(v) = v**3 + 3*v**2 + v - 2. Let w be h(-2). Let c be 18/(-27)*(6 + w). Let n(f) = f. What is n(c)?
-4
Suppose -a + 9 = -w, -2*w - 4*a + 5*a - 14 = 0. Let p(y) = y**2 + 3*y - 3. Determine p(w).
7
Let f(l) = -1 - 3*l**2 + 3*l + 0*l**3 - l**2 + l**2 + 2*l**3. Suppose 9*w = 4*w - 2*a + 13, -2*a + 8 = 0. Let j be 3/1 - 1/w. Calculate f(j).
9
Let t(f) = -6*f + 1 - 4*f + f. Suppose 3*c = -21 - 9. Let u(d) = -d**2 - 10*d - 1. Let g be u(c). Calculate t(g).
10
Suppose 0 = -p + 3*p. Let m(l) = -2 + p*l - l - 4*l - l**2. Let g be 2 + -1*(4 + 1). Calculate m(g).
4
Let u be -3 + 1 + (-9)/(-3). Let o(y) = 442 - 223 + 9*y**3 - 220 + 2*y**2. What is o(u)?
10
Suppose 12 = -3*v + 5*v. Let c(a) = a - 14. What is c(v)?
-8
Suppose l = -4*g + 6*g + 15, -2*g = l + 5. Let h(u) = -u**2 - 4*u + 1. Give h(g).
-4
Let m(q) = -q + 2. Let n = 17 + -11. What is m(n)?
-4
Let o(i) = 20*i**2 - 4*i - 14*i**2 - 5*i**2 + 5 - 14. Determine o(6).
3
Suppose d - t = 14, 10 = d - 2*t - 3*t. Let h(k) = -16*k + d*k + 0 + 5. Suppose -19 = -5*n + 2*z, 6 = 2*n - 2*z + 2. Give h(n).
0
Let j(n) = n**3 + 6*n**2 - n - 6. Suppose 0*z = -3*z + 4*w - 22, 33 = -5*z + 3*w. Give j(z).
0
Let c(g) = -1. Let q(v) = 2*v**2 + 3*v + 6. Let u(t) = 6*c(t) + q(t). Let p(s) = 10*s. Let r be p(-1). Let h be (4/(-6))/(r/(-45)). Calculate u(h).
9
Suppose 0*c + c + 38 = 5*r, -4*r = -5*c - 43. Let l(t) = t**2 - 6*t - 10. Calculate l(r).
-3
Let q(d) = -d**3 + 5*d**2 + 9*d - 9. Suppose 0 = -4*g + 4 + 20. Calculate q(g).
9
Let q(d) = 3*d**2 + d. Let v be q(-1). Suppose -3*g + v = -3*i - 4, -4*i = -5*g + 12. Let p(k) = k**3 - 4*k**2 - k - 4. What is p(g)?
-8
Suppose -5*c + 4 + 6 = 0. Let u(t) = -3 - t**c - 63*t + 63*t. Determine u(0).
-3
Let h(d) be the second derivative of d**4/4 + d**3/6 + d**2 + 5*d. Calculate h(2).
16
Let x(t) = -2 - 24*t - 3*t**2 + 10*t + 16*t + 0. Give x(2).
-10
Let a(l) be the second derivative of 2*l**3/3 - l**2 + l. Let z(f) = -f**2 - 5*f - 4. Suppose -4*o + 2*o = 6. Let r be z(o). Calculate a(r).
6
Let c(o) = o**3 - 6*o**2 - 2*o + 8. Suppose 2*t + 5*f - 37 = -0*t, 40 = 5*t + 2*f. Determine c(t).
-4
Let j(m) = 3*m**2 + 20*m + 11. Let w(z) be the second derivative of z**4/12 + 7*z**3/6 + 2*z**2 - 3*z. Let x(n) = -6*j(n) + 17*w(n). Calculate x(0).
2
Let w(z) = -5. Let d(p) = -p - 4. Suppose 2*n + n - 15 = 0. Let a(o) = n*w(o) - 6*d(o). Calculate a(2).
11
Let q(u) be the second derivative of u**6/360 + u**5/20 + u**4/6 - 2*u. Let j(o) be the third derivative of q(o). What is j(-4)?
-2
Let n = 10 + -17. Let y(q) = q**3 + 8*q**2 + 5*q - 8. Let p be y(n). Let r(j) = j**2 - 7*j - 1. What is r(p)?
-7
Let h(x) = x - 5. Let k be h(7). Let t be (3 + 1)/(-2) + k. Let a(p) be the second derivative of p**5/20 + p**3/6 + p**2/2 - p. What is a(t)?
1
Let z(s) = -2*s + 1. Suppose 18 - 11 = -7*j. Determine z(j).
3
Let i(c) be the third derivative of c**5/12 - c**4/8 + c**3/2 + 8*c**2. What is i(2)?
17
Let q(g) = -1 - 18*g**2 + 7*g**2 - 4*g + 5*g**2 + 7*g**2. Suppose 2*m - 4*a + 52 = 4*m, 2*m - 34 = 2*a. Suppose -m = -4*j - j. Calculate q(j).
-1
Let c(z) be the third derivative of -1/60*z**6 + 0 + 4*z**2 + 1/6*z**3 + 0*z**4 + 0*z**5 + 0*z. What is c(1)?
-1
Let m = 66 + -60. Let n(i) = i**2 - 7*i - 2. What is n(m)?
-8
Let k(s) = -2 + s**2 - 6 + 1. Let l = 1 + -1. Suppose -2*o + 4*o = l. Calculate k(o).
-7
Let i(a) = -2*a**2 + 3*a - 5. Let g(x) = 3*x**2 - 2*x + 6. Let y(t) = 3*g(t) + 4*i(t). Let c(h) = h - 1. Let d be c(-3). Give y(d).
-10
Suppose 0 = 4*g + 4 - 0. Let j be (g - -1)*(-5)/10. Let x(k) be the second derivative of -k**4/12 - k**3/6 - k. Give x(j).
0
Let n(h) = 5*h**2 - 6*h + 4. Let v(o) = 6*o**2 - 7*o + 5. Let k(x) = -4*n(x) + 3*v(x). What is k(2)?
-3
Let g(i) be the third derivative of i**5/24 + i**4/24 - i**3/3 + 6*i**2. Let b(c) be the first derivative of g(c). Calculate b(-1).
-4
Suppose -5*w - 1 + 41 = 0. Let x(h) = h + 7. Determine x(w).
15
Let n(q) = q + 4. Let r be n(0). Suppose -15 = -2*i - u - 0*u, -r*i - 4*u + 40 = 0. Let l(d) = -2 - 4 + 4*d - 2*d. Determine l(i).
4
Let n(b) = -b**3 - 11*b**2 - 13*b - 25. Let q be n(-10). Let k(w) = 2*w - 1. Calculate k(q).
9
Let v(j) = 4*j + 9. Let q(f) = -5*f - 10. Let a(z) = 3*q(z) + 4*v(z). Determine a(-7).
-1
Let p(m) be the second derivative of m**5/20 - 5*m**4/12 + 7*m**3/6 - 3*m**2 - 5*m. Give p(4).
6
Let f(g) = -g - 15. Let j be -12 - 3/((-3)/2). What is f(j)?
-5
Let g(a) = 2*a**2 + 4*a + 4. Let l be g(-3). Let r(n) = n + l*n**3 + 4 - 11*n**3 + 2 - n**2. Give r(0).
6
Let f = -6 - -6. Suppose -d - d = f. Suppose -3*j - 3 = -d. Let x(k) = 7*k**3 - 2*k**2 + 1. Determine x(j).
-8
Let v(n) = -n + 7. Let k be v(3). Suppose 5*h = -0*h + 25. Let x(g) = -k*g**3 - 5*g - 5 - g**3 - h*g**2 + 4*g**3. Give x(-4).
-1
Let h(q) = 5*q - 160*q**3 - 6*q**2 - 162*q**3 + 4 + 323*q**3. Give h(5).
4
Let w(r) be the second derivative of r + 0 + r**2 + 1/24*r**4 + 0*r**3. Let k(d) be the first derivative of w(d). Give k(4).
4
Let n(s) be the first derivative of -3 + 5/2*s**2 + 6*s + 1/4*s**4 + 5/3*s**3. Give n(-4).
2
Let i be 1/3 - 50/15. Let x(u) = -u**2 - 5*u - 4. What is x(i)?
2
Let d(g) = g**3 - 4*g**2 + 2*g + 3. Let h be d(3). Let l(s) = s - 2. Determine l(h).
-2
Suppose 3*b - 3*c - 26 = -7*c, -15 = -3*c. Let l be ((-1)/b)/(4/8). Let d(w) = 2*w**2 + 1. What is d(l)?
3
Let c(t) be the first derivative of -t**3/3 - 5*t**2/2 - 6*t - 3. Determine c(-4).
-2
Let f(d) = 7*d - 3. Let p(t) be the third derivative of -t**4/4 + t**3/2 - 3*t**2. Let z(h) = 2*f(h) + 3*p(h). Let o be ((-1)/2)/((-3)/12). Determine z(o).
-5
Let c(p) = -3*p**2 + p. Let o(w) = 2*w**2 - w. Let z(x) = -5*c(x) - 6*o(x). Suppose -2*d - 3*d = 10. Give z(d).
10
Let t(i) = i - 1. Let k(z) = 8*z - 15. Let y(r) = -k(r) + 3*t(r). Calculate y(8).
-28
Let h(i) be the second derivative of 0 - 1/2*i**3 - 5/24*i**4 - 2*i + 1/60*i**5 - 1/2*i**2. Let n(d) be the first derivative of h(d). Give n(4).
-7
Let l(i) be the third derivative of -i**4/12 + 5*i**3/6 - 8*i**2. Determine l(5).
-5
Suppose 15 = 4*g + g. Suppose g*w + 4*b = 0, -5*w - 4*b = -1 - 7. Suppose -2 = -w*u + 2*u. Let z(v) = -12*v**3 - v. Determine z(u).
-13
Let m(v) = 12*v - 3. Let n = -1 - 0. Let y(w) = -13*w + 9. Let d(h) = -3*h + 2. Let u(p) = -9*d(p) + 2*y(p). Let t(c) = n*m(c) + 15*u(c). What is t(-4)?
-9
Suppose 2*s + 0*s - 6 = 4*p, -2*p = -2. Suppose 5*j + 0 = -s. Let i(w) = w**2 + 7*w - 7. Let u(a) = a - 1. Let z(q) = -4*i(q) + 28*u(q). What is z(j)?
-4
Let d(n) = 9*n. Let x(q) = -q**2 + 7*q + 1. Let p be x(7). Calculate d(p).
9
Let m(v) be the third derivative of v**5/30 + v**4/24 + v**3/3 - 16*v**2. Let r(k) = -k**2 - 7*k - 8. Let c be r(-6). What is m(c)?
8
Let m(y) = 2*y**3 + 17*y**2 + 13*y + 15. 